0 (base 2) to base 4.
221000101210
What is -1264855 (base 9) in base 15?
-da2ce
-3550155 (base 6) to base 9
-312278
-69a41 (base 11) to base 6
-2055544
-4003320 (base 5) to base 13
-22871
Convert 11221221120201 (base 3) to base 13.
71406a
Convert 603411 (base 7) to base 12.
4b0a3
What is 133162 (base 7) in base 8?
61054
What is 22121032 (base 6) in base 13?
1a3198
-235556 (base 7) to base 8
-123502
4000012 (base 5) to base 7
350144
What is -1224055 (base 8) in base 13?
-baaa4
What is -1100201201210 (base 3) in base 6?
-23255033
Convert 27ba0 (base 14) to base 8.
300040
3532540 (base 7) to base 2
1101100101011011000
What is -300332055 (base 6) in base 3?
-100112101222022
Convert -111163 (base 15) to base 16.
-c6a7d
1288253 (base 10) to base 7
13643561
Convert 710925 (base 10) to base 15.
e09a0
What is -534504 (base 6) in base 7?
-241513
Convert 546051 (base 9) to base 3.
121120001201
-151301403 (base 7) to base 16
-995e38
Convert 4272631 (base 8) to base 10.
1144217
-89686 (base 12) to base 9
-307183
-1022001120210 (base 3) to base 11
-4314a8
What is -1052045424 (base 6) in base 11?
-6598068
2022243414 (base 5) to base 7
46606024
Convert 1100001000101100 (base 2) to base 7.
264631
What is -261627 (base 12) in base 7?
-5211202
-565524 (base 15) to base 10
-4118659
What is -262277 (base 10) in base 16?
-40085
What is -3ec2b8 (base 15) in base 14?
-58b6d8
Convert 25009 (base 10) to base 16.
61b1
4440141 (base 5) to base 14
20390
-8418331 (base 9) to base 11
-25a4232
What is 221301320 (base 4) in base 7?
1311626
201c4 (base 16) to base 12
64144
Convert 25314 (base 14) to base 4.
112100112
Convert -7755103 (base 9) to base 10.
-4169964
Convert 133212220 (base 4) to base 16.
1f9a8
Convert 8574269 (base 10) to base 8.
40552475
What is 11531100 (base 8) in base 11?
1482375
Convert -2103243 (base 5) to base 11.
-24188
-1046256 (base 7) to base 8
-374652
-100110010001111111 (base 2) to base 12
-768a7
What is 27b34 (base 12) in base 9?
83634
What is 33005404 (base 7) in base 6?
140320551
84316 (base 9) to base 14
163dc
What is -3a279 (base 12) in base 15?
-189e9
Convert 944654 (base 11) to base 10.
1514132
What is -10110223211 (base 4) in base 11?
-7044aa
What is -2a3185 (base 11) in base 9?
-800403
What is -31e3d0 (base 16) in base 13?
-8a6286
Convert -35521505 (base 6) to base 12.
-459295
-2a32b (base 15) to base 6
-2524152
What is 151230 (base 7) in base 10?
29274
What is -102105 (base 9) in base 11?
-41585
What is -141674 (base 8) in base 4?
-30032330
What is 4562413 (base 8) in base 12?
4b8723
95882 (base 13) to base 5
32110432
What is 300556 (base 7) in base 2?
1100011000010011
30114410 (base 5) to base 12
b61a2
Convert -15b64 (base 13) to base 11.
-29196
-453b (base 12) to base 15
-241e
What is -4557557 (base 8) in base 3?
-2022211122011
Convert -10011110111100100010 (base 2) to base 7.
-5351040
What is -321a82 (base 11) in base 5?
-112440231
Convert 123984 (base 11) to base 12.
95183
Convert 303344 (base 9) to base 13.
639a9
413113 (base 6) to base 10
33093
What is -b8540 (base 16) in base 10?
-755008
Convert 132310110311 (base 4) to base 5.
4032004040
What is 1531a (base 13) in base 8?
116214
21b64 (base 15) to base 9
173034
Convert -5b12a1 (base 12) to base 10.
-1474393
-3686 (base 15) to base 10
-11601
What is -3021330213 (base 4) in base 5?
-202432200
Convert -20112210210002 (base 3) to base 8.
-15215026
-119041 (base 10) to base 8
-350401
Convert 10111101100000111 (base 2) to base 3.
11221002202
What is -1001000110101111000 (base 2) in base 5?
-34021420
-847037 (base 9) to base 10
-503773
Convert 2106454 (base 10) to base 14.
3cb930
424a5 (base 12) to base 8
252075
-314b8 (base 15) to base 2
-100110001010100011
What is 121b18 (base 14) in base 3?
1011110220100
What is -124df8 (base 16) in base 7?
-13124254
What is 1941543 (base 11) in base 15?
44c4b2
32211132 (base 8) to base 5
3230322403
15a8109 (base 11) to base 8
12333664
What is 202101022000 (base 3) in base 15?
7dce6
Convert 51aa11 (base 11) to base 15.
117388
What is 21303123 (base 4) in base 12?
1b2a3
Convert -b61c33 (base 13) to base 14.
-7cc5d6
36195 (base 12) to base 7
422225
-5c768 (base 14) to base 7
-1632161
What is 1146311 (base 10) in base 3?
2011020102222
Convert 342125102 (base 6) to base 9.
12705672
94564 (base 15) to base 11
2a1416
-1606250 (base 7) to base 12
-a7862
What is -85509 (base 11) in base 3?
-20022122022
What is -24541462 (base 7) in base 11?
-1280922
Convert -45504026 (base 7) to base 11.
-2270111
Convert -65834c (base 13) to base 5.
-1102414320
Convert -1000001100110111011 (base 2) to base 4.
-1001212323
34500553 (base 6) to base 5
233044100
Convert -1392644 (base 13) to base 7.
-103504064
What is -653add (base 14) in base 2?
-1101000101010000100011
Convert -7808b (base 14) to base 4.
-1013002223
Convert 32c948 (base 15) to base 8.
11172320
Convert 1430211324 (base 5) to base 2.
1110010101010000100001
What is 6576 (base 16) in base 13?
ba90
-1301240 (base 6) to base 15
-15c66
What is -1637248 (base 9) in base 14?
-199c7d
What is -569739 (base 12) in base 2?
-101010010001011011101
-3011360 (base 9) to base 11
-9a45a2
Convert -335317 (base 8) to base 16.
-1bacf
What is -b23796 (base 13) in base 11?
-2384429
-53654 (base 11) to base 15
-1818d
Convert 110001101100000010101101 (base 2) to base 15.
12245d8
-5cb227 (base 14) to base 7
-36015150
What is 171293a (base 14) in base 10?
11340024
Convert 11100111110000010110 (base 2) to base 9.
1706134
Convert 8f5d8 (base 16) to base 6.
20330344
What is -100000021111 (base 3) in base 9?
-300244
What is 904327 (base 11) in base 13?
3bc467
What is 24434 (base 9) in base 2?
100000000001001
Convert -a2517 (base 11) to base 2.
-100100100010111111
What is -1101100110101100 (base 2) in base 5?
-3240344
Convert 2515155 (base 8) to base 15.
dad63
What is -1c6aab1 (base 14) in base 10?
-14243475
What is -9065480 (base 10) in base 2?
-100010100101010000001000
Convert 1399849 (base 10) to base 5.
324243344
What is -1101111101000100 (base 2) in base 11?
-39a40
-112112221001101 (base 3) to base 8
-35401356
What is -10240111 (base 5) in base 7?
-511241
What is 44042123 (base 6) in base 9?
2418686
20233243 (base 5) to base 13
5a039
What is -202112012011 (base 3) in base 15?
-7ea8a
-1111111001100001011111 (base 2) to base 9
-7752101
ab44c (base 14) to base 7
3346325
-18b (base 13) to base 6
-1152
Convert 404782 (base 16) to base 13.
b4658c
Convert 101110100010001 (base 2) to base 6.
302145
-302030124 (base 5) to base 3
-2021020000002
What is 1231352 (base 6) in base 12?
32558
Convert 1002021212 (base 5) to base 15.
2935c2
Convert 21333244 (base 5) to base 11.
115a16
-583607 (base 10) to base 2
-10001110011110110111
Convert -27b77 (base 14) to base 13.
-35988
What is -11351276 (base 9) in base 7?
-64651545
Convert -2208730 (base 9) to base 2.
-100100001111001001110
What is -2150654 (base 7) in base 15?
-53548
Convert -4523140 (base 6) to base 3.
-102121212020
What is -3563057 (base 9) in base 2?
-111010111011110100101
What is e9da7 (base 15) in base 11?
4676a4
What is -11434320 (base 5) in base 15?
-22325
1370760 (base 8) to base 4
1133013300
What is 145540 (base 13) in base 9?
837287
10513044 (base 7) to base 4
3132123000
c1c79 (base 13) to base 5
42101212
Convert 3341361 (base 8) to base 2.
11011100001011110001
What is 1101010010001110 (base 2) in base 13?
1b9c9
-112021111 (base 3) to base 2
-10100010101000
What is 4066226 (base 9) in base 6?
114300510
What is 3437706 (base 8) in base 10?
933830
What is -2206663 (base 7) in base 15?
-555c4
Convert -1152033 (base 7) to base 2.
-100011111011100011
What is 404662 (base 16) in base 15?
583167
What is 67ad (base 16) in base 7?
140244
-652576 (base 8) to base 5
-23442434
Convert -1433675 (base 9) to base 15.
-10915b
What is -11649 (base 14) in base 11?
-29947
Convert 3141120 (base 5) to base 12.
26584
Convert 291778 (base 11) to base 13.
12c803
Convert 1097a23 (base 14) to base 3.
112212011221012
Convert 32301011311 (base 4) to base 2.
1110110001000101110101
Convert -5b36a (base 12) to base 9.
-207001
202030323122 (base 4) to base 13
1b1bc4a
What is -34424320 (base 5) in base 12?
-130122
Convert 4403545 (base 6) to base 13.
78653
-312288 (base 9) to base 13
-66512
25a302 (base 16) to base 7